{"id":1042,"date":"2020-07-22T13:51:21","date_gmt":"2020-07-22T11:51:21","guid":{"rendered":"http:\/\/www.skolacolibri.cz\/?page_id=1042"},"modified":"2021-06-20T15:28:20","modified_gmt":"2021-06-20T13:28:20","slug":"katerina-rezkova","status":"publish","type":"page","link":"https:\/\/www.skolacolibri.cz\/index.php\/nas-tym\/katerina-rezkova\/","title":{"rendered":"Kate\u0159ina Rezkov\u00e1"},"content":{"rendered":"\n<figure class=\"wp-block-image size-large is-resized\"><img loading=\"lazy\" src=\"http:\/\/www.skolacolibri.cz\/wp-content\/uploads\/2020\/07\/katka-1.jpg\" alt=\"\" class=\"wp-image-1016\" width=\"250\" height=\"250\" srcset=\"https:\/\/www.skolacolibri.cz\/wp-content\/uploads\/2020\/07\/katka-1.jpg 1000w, https:\/\/www.skolacolibri.cz\/wp-content\/uploads\/2020\/07\/katka-1-150x150.jpg 150w, https:\/\/www.skolacolibri.cz\/wp-content\/uploads\/2020\/07\/katka-1-300x300.jpg 300w, https:\/\/www.skolacolibri.cz\/wp-content\/uploads\/2020\/07\/katka-1-768x768.jpg 768w, https:\/\/www.skolacolibri.cz\/wp-content\/uploads\/2020\/07\/katka-1-400x400.jpg 400w\" sizes=\"(max-width: 250px) 100vw, 250px\" \/><\/figure>\n\n\n<p><strong>Co ve \u0161kole d\u011bl\u00e1m<\/strong><strong>&nbsp;<\/strong><\/p>\n<p>Pom\u00e1h\u00e1m stav\u011bt kostru \u0161koly. Neviditelnou, ale velmi pot\u0159ebnou oporu.&nbsp; Pod\u00edl\u00edm se na sh\u00e1n\u011bn\u00ed prost\u0159edk\u016f a vytv\u00e1\u0159en\u00ed z\u00e1zem\u00ed. Bav\u00ed m\u011b sn\u011bmov\u00e1n\u00ed a zkoum\u00e1n\u00ed cest spole\u010dn\u00e9ho rozhodov\u00e1n\u00ed. Jsem tak\u00e9 z\u00e1stupcem spolku Hn\u00edzdo, kter\u00fd \u0161kolu zalo\u017eil a podporuje ji.<\/p>\n<p><\/p>\n<p><strong>Pro\u010d CoLibri<\/strong><strong> ?<\/strong><\/p>\n<p>Pro d\u011bti. Pro moc nad sebou. Pro odvahu tvo\u0159it n\u011bco nov\u00e9ho. Pro nespoutanou touhu vyznat se ve sv\u011btu. Pro s\u00edlu z p\u0159ekon\u00e1v\u00e1n\u00ed p\u0159ek\u00e1\u017eek. Pro zv\u011bdavost z experimentov\u00e1n\u00ed. Pro nalezen\u00e9 odpov\u011bdi a nov\u00e9 ot\u00e1zky. Pro tvo\u0159iv\u00e9 nad\u0161en\u00ed. Pro nezat\u00ed\u017een\u00e9 byt\u00ed. Pro \u010dinnost i ne\u010dinnost. Pro rozvoj demokracie. Pro vzd\u011bl\u00e1v\u00e1n\u00ed podle vlastn\u00edch voleb. Pro d\u0159e\u0148 komunikace.<\/p>\n<p>Svobodn\u00e9 vzd\u011bl\u00e1v\u00e1n\u00ed mi p\u0159ipad\u00e1 jako adekv\u00e1tn\u00ed odpov\u011b\u010f na sou\u010dasnou podobu sv\u011bta v na\u0161ich kon\u010din\u00e1ch, kterou bych charakterizovala v\u00fdraznou dostupnost\u00ed informac\u00ed ze v\u0161ech oblast\u00ed a obrovsk\u00fdmi mo\u017enostmi, co se u\u010dit a k\u00fdm b\u00fdt. L\u00edb\u00ed se mi luxus \u010dasu, kter\u00fd d\u011bti maj\u00ed a kter\u00fd jim CoLibri umo\u017e\u0148uje str\u00e1vit podle sebe a p\u0159i tom v inspiruj\u00edc\u00edm \u0161koln\u00edm spole\u010denstv\u00ed spojen\u00e9m se zodpov\u011bdnost\u00ed za prost\u0159ed\u00ed a vztahy v n\u011bm.<strong>&nbsp;<\/strong><\/p>\n<p><\/p>\n<p><strong>Vzd\u011bl\u00e1n\u00ed a profesn\u00ed zku\u0161enosti<\/strong><strong>&nbsp;<\/strong><\/p>\n<p>Jsem vystudovan\u00e1 environmentalistka a ochran\u00e1\u0159ka p\u0159\u00edrody. D\u00edky pestr\u00e9 pr\u00e1ci v neziskov\u00fdch organizac\u00edch jsem z\u00edskala zku\u0161enosti s managementem r\u016fzn\u00e9ho druhu, nap\u0159\u00edklad finan\u010dn\u00edm. Absolvovala jsem ro\u010dn\u00ed lektorsk\u00fd kurz \u010dten\u00edm a psan\u00edm ke kritick\u00e9mu my\u0161len\u00ed. Profesn\u011b se tak\u00e9 uch\u00e1z\u00edm o facilit\u00e1torstv\u00ed.<\/p>\n<p><\/p>\n<p><strong>&nbsp;<\/strong><strong>Osobn\u00ed z\u00e1jmy<\/strong><strong>&nbsp;<\/strong><\/p>\n<p>V posledn\u00ed dob\u011b velmi r\u00e1da sed\u00edm u klav\u00edru a syt\u00edm se hudbou. \u010casto \u010dtu, t\u0159eba Respekt nebo poezii. Chod\u00edm krajinou domova a p\u0159em\u00fd\u0161l\u00edm. Zejm\u00e9na o r\u016fzn\u00fdch ekologick\u00fdch t\u00e9matech a alternativ\u00e1ch, kter\u00e9 zkou\u0161\u00edm zav\u00e1d\u011bt do \u017eivota.<\/p>","protected":false},"excerpt":{"rendered":"<p>Co ve \u0161kole d\u011bl\u00e1m&nbsp; Pom\u00e1h\u00e1m stav\u011bt kostru \u0161koly. Neviditelnou, ale velmi pot\u0159ebnou oporu.&nbsp; Pod\u00edl\u00edm se na sh\u00e1n\u011bn\u00ed prost\u0159edk\u016f a vytv\u00e1\u0159en\u00ed z\u00e1zem\u00ed. Bav\u00ed m\u011b sn\u011bmov\u00e1n\u00ed a zkoum\u00e1n\u00ed cest spole\u010dn\u00e9ho rozhodov\u00e1n\u00ed. Jsem tak\u00e9 z\u00e1stupcem spolku Hn\u00edzdo, kter\u00fd \u0161kolu zalo\u017eil a podporuje ji. Pro\u010d CoLibri ? Pro d\u011bti. Pro moc nad sebou. Pro odvahu tvo\u0159it n\u011bco nov\u00e9ho. Pro nespoutanou touhu vyznat se ve sv\u011btu. Pro s\u00edlu z p\u0159ekon\u00e1v\u00e1n\u00ed p\u0159ek\u00e1\u017eek. &hellip;<\/p>\n","protected":false},"author":5,"featured_media":0,"parent":1525,"menu_order":0,"comment_status":"closed","ping_status":"closed","template":"","meta":[],"uagb_featured_image_src":{"full":false,"thumbnail":false,"medium":false,"medium_large":false,"large":false,"thumblist":false,"meccarouselthumb":false,"gridsquare":false,"tileview":false,"1536x1536":false,"2048x2048":false,"ultp_layout_landscape_large":false,"ultp_layout_landscape":false,"ultp_layout_portrait":false,"ultp_layout_square":false,"post-thumbnail":false,"fluida-featured":false,"fluida-featured-lp":false,"fluida-featured-half":false,"fluida-featured-third":false,"fluida-header":false,"fluida-lpbox-1":false,"fluida-lpbox-2":false},"uagb_author_info":{"display_name":"Martina Mat\u011bjkov\u00e1","author_link":"https:\/\/www.skolacolibri.cz\/index.php\/author\/martina\/"},"uagb_comment_info":0,"uagb_excerpt":"Co ve \u0161kole d\u011bl\u00e1m&nbsp; Pom\u00e1h\u00e1m stav\u011bt kostru \u0161koly. Neviditelnou, ale velmi pot\u0159ebnou oporu.&nbsp; Pod\u00edl\u00edm se na sh\u00e1n\u011bn\u00ed prost\u0159edk\u016f a vytv\u00e1\u0159en\u00ed z\u00e1zem\u00ed. Bav\u00ed m\u011b sn\u011bmov\u00e1n\u00ed a zkoum\u00e1n\u00ed cest spole\u010dn\u00e9ho rozhodov\u00e1n\u00ed. Jsem tak\u00e9 z\u00e1stupcem spolku Hn\u00edzdo, kter\u00fd \u0161kolu zalo\u017eil a podporuje ji. Pro\u010d CoLibri ? Pro d\u011bti. Pro moc nad sebou. Pro odvahu tvo\u0159it n\u011bco nov\u00e9ho. Pro&hellip;","_links":{"self":[{"href":"https:\/\/www.skolacolibri.cz\/index.php\/wp-json\/wp\/v2\/pages\/1042"}],"collection":[{"href":"https:\/\/www.skolacolibri.cz\/index.php\/wp-json\/wp\/v2\/pages"}],"about":[{"href":"https:\/\/www.skolacolibri.cz\/index.php\/wp-json\/wp\/v2\/types\/page"}],"author":[{"embeddable":true,"href":"https:\/\/www.skolacolibri.cz\/index.php\/wp-json\/wp\/v2\/users\/5"}],"replies":[{"embeddable":true,"href":"https:\/\/www.skolacolibri.cz\/index.php\/wp-json\/wp\/v2\/comments?post=1042"}],"version-history":[{"count":14,"href":"https:\/\/www.skolacolibri.cz\/index.php\/wp-json\/wp\/v2\/pages\/1042\/revisions"}],"predecessor-version":[{"id":2127,"href":"https:\/\/www.skolacolibri.cz\/index.php\/wp-json\/wp\/v2\/pages\/1042\/revisions\/2127"}],"up":[{"embeddable":true,"href":"https:\/\/www.skolacolibri.cz\/index.php\/wp-json\/wp\/v2\/pages\/1525"}],"wp:attachment":[{"href":"https:\/\/www.skolacolibri.cz\/index.php\/wp-json\/wp\/v2\/media?parent=1042"}],"curies":[{"name":"wp","href":"https:\/\/api.w.org\/{rel}","templated":true}]}}